 and 11022970.
35
Calculate the highest common divisor of 3503 and 496.
31
What is the highest common factor of 10795 and 15215?
85
What is the highest common divisor of 1575 and 38400?
75
What is the highest common divisor of 188 and 192841?
47
Calculate the greatest common factor of 5832 and 37692.
108
What is the greatest common divisor of 2534 and 406?
14
Calculate the greatest common divisor of 825265 and 3577.
511
What is the greatest common divisor of 1422 and 16906?
158
Calculate the greatest common divisor of 325 and 29705.
65
What is the highest common factor of 363363 and 99?
33
Calculate the greatest common factor of 2015 and 215.
5
What is the greatest common factor of 5328 and 396?
36
What is the greatest common factor of 7738 and 106?
106
What is the greatest common factor of 16318 and 410?
82
Calculate the greatest common factor of 8 and 103552.
8
What is the greatest common factor of 243719 and 10351?
941
What is the highest common divisor of 2341918 and 134?
134
Calculate the highest common divisor of 128865 and 2783.
121
Calculate the highest common factor of 20608 and 621824.
896
Calculate the highest common factor of 3014300 and 25.
25
What is the greatest common divisor of 1320 and 7335240?
1320
Calculate the greatest common divisor of 5868 and 12348.
36
What is the greatest common factor of 2516 and 2176?
68
Calculate the greatest common divisor of 152 and 18164.
76
Calculate the highest common factor of 173325 and 465.
15
Calculate the highest common factor of 44 and 126863.
11
Calculate the greatest common divisor of 2480 and 2560.
80
Calculate the greatest common divisor of 45 and 1594035.
45
Calculate the highest common factor of 237 and 4287.
3
Calculate the highest common divisor of 964181 and 1415.
283
Calculate the highest common factor of 1183113 and 81.
27
What is the greatest common factor of 1592608 and 942?
314
Calculate the greatest common factor of 8 and 1651844.
4
Calculate the greatest common factor of 53535 and 7095.
645
Calculate the highest common divisor of 9174 and 25437.
417
Calculate the greatest common divisor of 306 and 192933.
153
What is the highest common divisor of 157178 and 1442?
1442
What is the greatest common divisor of 1180 and 6844?
236
Calculate the greatest common divisor of 11082 and 6.
6
What is the greatest common divisor of 892 and 1?
1
What is the highest common factor of 243 and 64062?
9
Calculate the greatest common divisor of 200 and 2079800.
200
What is the highest common factor of 1037195 and 733?
733
Calculate the greatest common divisor of 2124 and 13428.
36
What is the highest common divisor of 1840 and 14076?
92
What is the highest common factor of 632 and 6715?
79
Calculate the highest common divisor of 9429 and 3.
3
Calculate the highest common divisor of 336 and 110832.
48
Calculate the highest common factor of 15 and 196860.
15
What is the greatest common divisor of 66 and 32241?
33
What is the highest common factor of 471940 and 84?
28
Calculate the greatest common divisor of 65 and 170105.
65
Calculate the highest common divisor of 255851 and 1.
1
What is the highest common divisor of 32 and 6116?
4
Calculate the greatest common factor of 144 and 7056.
144
Calculate the highest common factor of 416 and 1573.
13
What is the highest common divisor of 1321522 and 11504?
1438
What is the greatest common factor of 8471290 and 10?
10
What is the highest common factor of 12060 and 900?
180
Calculate the highest common factor of 1722 and 8459612.
574
Calculate the highest common factor of 95 and 3885.
5
Calculate the greatest common divisor of 292 and 3285.
73
Calculate the greatest common divisor of 1949344 and 96.
32
What is the greatest common divisor of 600 and 480?
120
Calculate the greatest common factor of 779 and 1189.
41
What is the highest common factor of 83348 and 26746?
622
What is the greatest common divisor of 448429 and 4072?
509
Calculate the highest common divisor of 24 and 3774696.
24
Calculate the greatest common factor of 2545 and 59044.
509
Calculate the highest common divisor of 8 and 103268.
4
What is the greatest common factor of 24800 and 48000?
800
What is the highest common factor of 318 and 1310054?
106
Calculate the highest common factor of 25760 and 1470.
70
Calculate the highest common divisor of 1207 and 1564.
17
What is the greatest common factor of 367830 and 1440?
90
What is the greatest common factor of 1832476 and 4?
4
Calculate the highest common divisor of 21079 and 20291.
197
Calculate the highest common factor of 205 and 437429.
41
What is the greatest common divisor of 2325 and 68200?
775
Calculate the highest common divisor of 1375 and 58375.
125
What is the greatest common divisor of 5605611 and 1221?
1221
Calculate the highest common factor of 158280 and 1200.
120
What is the highest common factor of 13 and 1155310?
13
What is the greatest common divisor of 20334 and 12?
6
Calculate the greatest common factor of 30 and 112185.
15
What is the highest common factor of 45976 and 216?
8
What is the highest common divisor of 956619 and 144?
9
What is the highest common factor of 530069 and 124?
31
What is the highest common factor of 805 and 516985?
35
Calculate the highest common divisor of 31 and 10819.
31
What is the highest common factor of 10530 and 260?
130
Calculate the highest common divisor of 245 and 165865.
245
What is the greatest common divisor of 4992 and 1513200?
624
What is the greatest common divisor of 413991 and 20007?
1539
What is the highest common divisor of 225 and 299475?
225
Calculate the greatest common factor of 46277 and 231.
77
Calculate the greatest common factor of 6244 and 1484.
28
What is the greatest common factor of 3465 and 1365?
105
What is the greatest common divisor of 7628589 and 9?
9
What is the highest common factor of 40 and 915280?
40
What is the greatest common divisor of 3897024 and 192?
192
What is the highest common factor of 516 and 594647?
43
Calculate the greatest common factor of 291 and 1618833.
291
Calculate the highest common divisor of 2171 and 7566.
13
What is the greatest common factor of 182696 and 984?
328
What is the highest common factor of 2632 and 292376?
56
What is the highest common divisor of 328 and 49733?
41
Calculate the greatest common divisor of 136 and 1287512.
136
What is the greatest common factor of 9170 and 273790?
1310
Calculate the highest common divisor of 10285 and 15130.
85
Calculate the greatest common divisor of 1372 and 3430.
686
Calculate the highest common divisor of 32148 and 19364.
188
What is the greatest common divisor of 73508 and 68?
68
Calculate the greatest common divisor of 7544 and 5014.
46
Calculate the greatest common divisor of 1887 and 303.
3
What is the greatest common factor of 9265 and 8245?
85
Calculate the greatest common divisor of 1186932 and 96.
12
Calculate the greatest common divisor of 1442336 and 35.
7
What is the highest common divisor of 45984 and 3200?
32
Calculate the highest common divisor of 86 and 2494.
86
What is the greatest common factor of 7624 and 280?
8
Calculate the highest common divisor of 122 and 151097.
61
What is the greatest common factor of 186 and 3843?
3
What is the highest common factor of 10878 and 72324?
294
Calculate the greatest common divisor of 474 and 3642.
6
What is the highest common divisor of 504 and 24122?
14
What is the highest common factor of 45149 and 46?
23
Calculate the greatest common divisor of 319529 and 49.
49
Calculate the highest common factor of 306 and 30462.
6
What is the highest common factor of 6457 and 418?
11
What is the highest common factor of 45 and 231570?
45
Calculate the highest common divisor of 3298401 and 129.
129
What is the highest common factor of 3818 and 100762?
166
Calculate the greatest common factor of 1607239 and 131.
131
Calculate the greatest common factor of 3450932 and 6460.
1292
Calculate the highest common divisor of 4059 and 7337.
11
What is the greatest common divisor of 69059 and 212?
53
Calculate the highest common factor of 500 and 94720.
20
What is the greatest common factor of 28438 and 236?
118
What is the highest common divisor of 308427 and 399?
399
What is the greatest common divisor of 17024 and 52?
4
Calculate the highest co